 1/6*n**3 - n - 1/10*n**5 + 0*n**s + 0. Determine w(2).
-18
Let r(x) = x**2 - 7*x - 1. Suppose -8*y + 54 = y. Suppose 78 = 6*n + y. Suppose -3*b + 6 = -n. What is r(b)?
-7
Let y(h) be the third derivative of -1/120*h**6 + 30*h**2 + 0*h - 7/30*h**5 - 1/2*h**4 + 0 + 8/3*h**3. What is y(-13)?
3
Let p(y) be the first derivative of -y**4/4 - y**2/2 - 25*y + 375. What is p(0)?
-25
Let n = 398 + -419. Let b(m) = m**3 + 22*m**2 + 19*m - 20. Calculate b(n).
22
Let n(k) = 7*k - 2. Suppose -7*q - 1138 = -1124. What is n(q)?
-16
Let f be (3/21)/((-340)/(-119)). Let p(t) be the second derivative of 0 + f*t**5 + 2/3*t**4 + 2*t**2 - 3*t + 7/6*t**3. Determine p(-7).
4
Suppose 146 = -4*o + 2*o. Let v = 75 + o. Let j(h) = 2 - 3 - 3*h**2 - v*h**3 + 2. Calculate j(-2).
5
Let b(w) = 4*w - 22. Suppose -65 = -30*m + 41 + 164. Give b(m).
14
Suppose -44*t = -40*t - 8. Let a(u) = -6*u + 7*u - 6*u**3 + 5*u**3 - 5 - 5*u**t. Calculate a(-6).
25
Let h(a) = 10*a - 155. Let r(y) = -y + 14. Let b(o) = h(o) + 12*r(o). Suppose -l - 4*d + 2 = -27, -4*d - 25 = -5*l. Determine b(l).
-5
Suppose -2*l + 6 = -0*l. Let h be (31/(-62))/((-2)/120). Let d(w) = -3 + h*w - 14*w - 7*w - 10*w. Calculate d(l).
-6
Let c(d) = 3*d + 1. Let z(w) = w**2 - 5*w - w + 8 - 2*w**2. Suppose 2*t = 3*t - 5*f + 32, 0 = t + f + 2. Let a be z(t). Give c(a).
4
Let j(q) = 14 + 7 - 3*q**2 + q**2 - 11 + 14*q + 4*q**2. Let u be j(-6). Let y(w) = w + 2. Let g(p) = -p - 2. Let i(x) = 3*g(x) + 2*y(x). What is i(u)?
0
Let x(a) = -a**3 + 3*a**2 + 3*a + 1. Suppose 0 = 112*i - 118*i + 1494. Let o = i - 246. Calculate x(o).
10
Let f(y) be the first derivative of 3/2*y**2 + 41*y - 47. Calculate f(-12).
5
Suppose 4 = 2*n - f, 14*f - 11*f + 8 = 4*n. Let c(r) = r**3 - 20*r + 18*r + 6 - n*r**2 + 0. Calculate c(4).
30
Let r(i) be the third derivative of -i**5/60 + 11*i**4/24 + 3*i**3 - 3042*i**2. What is r(12)?
6
Let z(b) be the first derivative of 1/2*b**2 + 5*b - 32. Calculate z(-6).
-1
Let m(j) = 11*j**2 + 6*j + 7. Suppose 4*d = 5*d + 11. Let a(q) = -20*q**2 - 11*q - 13. Let h(w) = d*m(w) - 6*a(w). Let n be (4 - (-1 - -3))/1. Give h(n).
-3
Let u = -4 + 8. Suppose 0*r + 9 = 3*r - q, u = 5*r + 2*q. Let p(i) = -i**3 - 1 + 155009*i - 155006*i + 3*i**2 - 3*i**2. What is p(r)?
-3
Let i(u) = 2*u + 1953 + 1907 - 3867. Suppose -8 + 2 = -2*c, -4*l + 21 = -c. Give i(l).
5
Let b(d) = 4*d - 4. Suppose 4*y + 5 - 29 = 0. Let u(s) = s - 1. Let w(c) = y*b(c) - 21*u(c). Let f be 84/30 - 48/60. Give w(f).
3
Let p(u) be the third derivative of u**4/12 + 5*u**3/3 + 769*u**2. Let l be 0 + -2 + 1/((-3)/6). Calculate p(l).
2
Let k = -129 + 132. Suppose 3*y + k*q = 12, -10*q + 5*q = 0. Let g(l) = 2*l**3 + 2*l - 5*l**2 - l**3 + l - 3. Determine g(y).
-7
Let t(y) = -10*y**2 + 67*y - 36. Let o(l) = 22*l**2 - 144*l + 74. Let j(b) = 6*o(b) + 13*t(b). Calculate j(-5).
-9
Let f(t) = t**3 - 5*t**2 + 8*t - 11. Suppose -5*a - 69 = -94. Calculate f(a).
29
Let i(z) be the second derivative of -3*z**3 + z**2/2 + 5046*z. Determine i(-4).
73
Suppose 0*h = 5*h. Let d(s) be the third derivative of s**4/24 - 4*s**3 + 9*s**2 - 267. Calculate d(h).
-24
Let v(i) = i**2 - 7. Let g(w) = w**2 + w + 23. Let a(x) = -g(x) - v(x). Calculate a(-6).
-82
Suppose -8*i + 3*k = -10*i + 9, 5*k = i - 24. Let j(o) = 30 - 11 - i - 2*o - 6. What is j(4)?
-4
Let n(k) = 4*k + 23. Let j be n(-5). Let a(t) = -j*t - 6 + 6*t**2 - 6*t**2 - t**2. What is a(-4)?
-10
Let b(v) = 11*v**3 - 32*v**2 + 5. Let t(g) = 8*g**3 - 22*g**2 + 3. Let h(c) = -5*b(c) + 7*t(c). Let w be (-1*1)/(((-65)/30)/(-13)). Determine h(w).
-4
Let l = -3815 + 3818. Let c(w) be the third derivative of 0*w + 0 - 17*w**2 + 1/6*w**4 - 1/6*w**l. Calculate c(2).
7
Let y(z) = -z**3 + 4*z**2 + 11*z + 1. Let h be y(6). Let w(x) = x**2 - 1. Let p(t) = t**2 - t. Let f(l) = -2*p(l) + 3*w(l). Give f(h).
12
Suppose -3*y + 0*y = -4*i - 10, -2*i = 2*y - 16. Let w be 24/16 - 1/2. Let l(r) = -4*r + 5. Let d(q) = q. Let x(t) = w*l(t) + 2*d(t). What is x(y)?
-7
Suppose 22*j = -5261 + 19451. Let z = j - 646. Let s(n) = 16*n**3 + 2*n**2 + 2*n + 1. Give s(z).
-15
Suppose 3*l - 3*j - 105 = 0, 0 = -4*j + j - 15. Let h be 2/(-2) + l/5. Let d(t) = t**3 - 5*t**2 + 5*t + 2. Give d(h).
27
Suppose 51*o + 12 = 54*o. Let a(r) = -4 + o*r + 6 - r**3 + 6 + 8*r**2 - 12 - 1. Determine a(8).
27
Let o(u) = -366*u + 734. Let i be o(2). Let b(d) be the first derivative of 29 - 2*d + 1/2*d**i. Calculate b(9).
7
Let u(d) = -d. Let b(a) = -10*a - 1. Let c(r) = -b(r) + 2*u(r). Let m be (1394/51)/((-4)/(-18)). Let v = m - 125. Give c(v).
-15
Let k = 12 - 17. Let c(t) be the second derivative of t**4/12 + t**3/2 - t**2/2 + 4672*t. Give c(k).
9
Let c(f) be the first derivative of -f**2 + 16*f + 5585. Let q = -16 - -26. What is c(q)?
-4
Let s(p) = 64*p - 647. Let f be (-15)/((-2526)/(-108) - 25 - (-2)/18). Calculate s(f).
-7
Let m be (-3)/(18/(-24))*(-1)/2. Let g(q) = -13*q**2 - 3*q - 12. Let f = 1 + 1. Let w(b) = -3*b**2 - b - 3. Let x(n) = f*g(n) - 9*w(n). Calculate x(m).
1
Let l(u) = u**3 + 5*u**2 - 17*u - 2. Let w be l(-7). Let j(o) = -o**3 + 20*o**2 - 16*o - 56. Determine j(w).
1
Let u(g) = -g - 6. Suppose -13*i + 1390 = -1. Let z(l) = 41 - 33*l - 38*l - 40*l + i*l. Let m be z(12). What is u(m)?
1
Let n(g) be the first derivative of 0*g**4 + 0*g - 13 - 1/24*g**5 + 0*g**2 + 35/3*g**3 - 1/360*g**6. Let t(j) be the third derivative of n(j). Determine t(-6).
-6
Let f(u) be the second derivative of u**5/20 - 4*u**4/3 - 3*u**3 + 5*u**2 - u. Suppose a = 4*v - 76, 2*v + 33 - 75 = a. What is f(v)?
-7
Suppose -w + 31 = -2*p, 4*p + 23 = -w - 54. Let n = -12 - p. Let y(a) be the third derivative of a**6/120 - a**5/12 - a**4/4 - 2*a**3/3 + 71*a**2. Give y(n).
-4
Let x(q) = 2*q**3 - 2*q**2 - 7*q - 2. Let f = -19815 + 19813. Calculate x(f).
-12
Let n be 21/14 + 1/2. Suppose 0 = -n*q + 2 - 8. Let b be 3 + (q + 4)*4. Let y(x) = -x**2 + 8*x - 7. Give y(b).
0
Let z(v) = v**3 - 21*v**2 + 77*v + 43. Let f be z(16). Let y(m) = 12*m + 48. Determine y(f).
-12
Let l(r) = r**3 + 9*r**2 - 24*r - 3. Suppose 436 = 19*w + 645. Give l(w).
19
Let m(p) = -2*p**2 - 16*p - 17. Let x(y) = y**2 + 8*y + 9. Let r(h) = -3*m(h) - 5*x(h). Suppose -16*s + 1708 = -6484. Let q = s + -518. What is r(q)?
-6
Suppose 0 = -3*d - 4*x + 11, -6*d + 2*x = -d - 53. Let h(o) = -39 + 38 + 2*o + d*o. Calculate h(-3).
-34
Let f be 10/(-15) + (-26)/6. Let c(w) = w**2 - 18*w - 14. Let z(r) = 3*r**2 - 65*r - 43. Let v(j) = -7*c(j) + 2*z(j). Calculate v(f).
7
Let t = 2625 + -2650. Let y(f) = f**3 + 26*f**2 + 26*f + 34. Calculate y(t).
9
Let x be 13 - ((6 - 5) + 2). Let j(k) = -3 - 5 + 1 - 3*k + x. Let c = -7 + 10. Determine j(c).
-6
Let x(u) = -5*u**2 - 22*u - 6. Let g be x(-4). Let n(o) = 3*o**3 + 31*o + 6 - 33*o - 4*o**3 - 10 + 2*o**g. What is n(3)?
-19
Let w = 105 - 72. Suppose -3*k - 5 - 73 = 0. Let v = w + k. Let j(t) = t + 1. What is j(v)?
8
Let r be 47/5 + (-6)/15. Suppose -5*u + 15 = -5*n, 2*n - 6*u + 11 = -3*u. Let f(s) = -n*s**2 + 10 + 9 + 8*s - 14 - s**2 + 2*s**2. What is f(r)?
-4
Suppose 5*i - 3*l - 21 = 0, 2*i - 16 = -2*i + 2*l. Let j(u) = -3*u**2 - u + 12*u**2 - 14*u**2 - u**i + 4. Give j(-4).
-8
Let w(f) be the second derivative of -f**4/12 + 5*f**3/3 - 2*f**2 + 5*f + 43. Give w(7).
17
Let a(u) = -u**3 - 2*u - 44. Let h = -7209 + 7209. Give a(h).
-44
Let x(j) = 5*j**2 - 35*j + 6. Let f(v) = -4*v**2 + 34*v - 4. Let i(m) = 7*f(m) + 6*x(m). Calculate i(-14).
8
Let v(w) = w**2 + 10*w + 1. Let h = 353 + -356. Let m be ((-15)/5)/(h + 30/8). Determine v(m).
-23
Let w(r) = -9*r + 16. Suppose 3*s - 248 = 5*p - 261, 4*p - s - 9 = 0. Give w(p).
-2
Let z = 32637 + -32636. Let q(w) be the first derivative of -20*w**3/3 + 3*w**2 + 5*w - 3. Let d(r) = -r**2 + r + 1. Let a(k) = -6*d(k) + q(k). What is a(z)?
-15
Suppose 133*v - 144 - 36 = 97*v. Let j(z) be the second derivative of -z**4/12 + 5*z**3/6 + z**2/2 - z. What is j(v)?
1
Let k(m) = 3*m + 11*m - 13*m - 9. Let x be k(5). Let l(w) = w**2 - 1. Let a(r) = 3*r**2 + 10*r. Let o(n) = x*l(n) + a(n). What is o(9)?
13
Let i(u) = u**3 - 10*u**2 - 10. Let m be (7 + 279/(-27))/(-2 + 10/6). What is i(m)?
-10
Suppose 109 = 2*p + 3*n, -7*n = -2*p - 6*n + 97. Suppose -52*o + 42*o - p = 0. Let h(q) = 3*q + 4. What is h(o)?
-11
Let j be (69/184)/(3*(-3)/(-72)). Suppose -j = f + p, 2*f - 2 